 37
Suppose -6 = -2*r - r. Suppose 3*z - 19 = -5*c, 4*z + 4*c = r*c + 30. Suppose 4*i - z = 12. What are the prime factors of i?
5
Let l = 9 - -11. Let b = l - -18. List the prime factors of b.
2, 19
What are the prime factors of 2 + ((-3)/1 - -43)?
2, 3, 7
Let i = 135 - 71. List the prime factors of i.
2
Suppose w + 0 = 4. Suppose -6 = -w*y + 154. List the prime factors of y.
2, 5
Suppose -c = -3*c + 12. Let a be -2*(-3 - c/(-4)). What are the prime factors of 10/a*(-12)/(-8)?
5
Suppose -3*f + 0*n = 2*n - 42, -3*f + 24 = -4*n. List the prime factors of 3/f + 71/4.
2, 3
Let j(o) = -6*o**3. Let v(p) = p - 5. Let y be v(4). Let s be j(y). Suppose 90 = s*h - h. What are the prime factors of h?
2, 3
Suppose -4*d - 5*s = -2*s - 2, -2 = -2*d - s. Let u = d + 1. What are the prime factors of ((-1)/u)/(7/(-126))?
2, 3
Let x(s) = -s + 2. List the prime factors of x(-12).
2, 7
Suppose 9*f - 4*f - 388 = 4*v, f - 72 = -2*v. List the prime factors of f.
2, 19
Suppose -t + 10*t - 3627 = 0. What are the prime factors of t?
13, 31
Suppose 50 = 3*q - 3*u - 7, 5*q + u = 95. List the prime factors of q.
19
Suppose 0 = 3*w + w - 40. Suppose 2*o = -3*z + 61, -o - 5*z + w*z = 2. List the prime factors of o.
23
Let x = -2 - -8. Let y(p) = p**3 - 4*p**2 - 5*p - 7. What are the prime factors of y(x)?
5, 7
Let v(p) = 48*p**2 - p. Let o be v(1). Suppose 4*j + o = 3*b, -3*j = 2*b - 22 - 15. Suppose h + 7 = -5*w, 3*h + 2*w - 6*w = b. What are the prime factors of h?
3
Let t be ((-2)/(-2))/((-3)/(-24)). Let i be t/10 + (-2)/(-10). Suppose -5 = -a - n + i, -5*n = 2*a - 6. List the prime factors of a.
2
Let t = 47 + 78. Suppose -4*n = -t + 21. Let r = 37 - n. What are the prime factors of r?
11
Let t = 197 + -137. What are the prime factors of (t/(-21))/((-3)/21)?
2, 5
Suppose -3*o = -2*v + 96, 46 = v - 2*o - 0*o. Suppose 3*x + v - 159 = 0. List the prime factors of x.
5, 7
Let r = 0 + 3. Suppose 3*i + 91 = 2*p - 2*i, r*i = -3*p + 147. Let b = p - 34. What are the prime factors of b?
2, 7
Suppose -2*n - 2*s + 72 + 4 = 0, 2*s = -5*n + 193. Let q be (-1)/2 + (-2)/(-4). Suppose 4*m - m - n = q. What are the prime factors of m?
13
Let u(l) = -l**2 + 9*l. List the prime factors of u(4).
2, 5
Let x(a) be the third derivative of 19*a**6/120 + a**4/24 - a**3/6 + a**2. List the prime factors of x(1).
19
Let d = -6 - -8. Suppose -d*n + 46 = 3*f + f, -2*n = -3*f + 31. What are the prime factors of f?
11
Let g(u) = -2*u + 11. Let w be g(9). Let z(n) = -2*n - n - 3 + 2*n + 1. List the prime factors of z(w).
5
Let i be 21/(-9) + (-4)/6. What are the prime factors of (i/6)/((-2)/56)?
2, 7
Let g(t) = 5 + 2*t**3 - 5*t + t - 2 + 2*t. What are the prime factors of g(2)?
3, 5
Suppose 9 = 5*x - 1. Suppose l - x*m = -16, 4*l + 11 = -m - 8. Let r(j) = j**3 + 7*j**2 + 6*j + 8. What are the prime factors of r(l)?
2
Let z = -47 + 81. List the prime factors of z.
2, 17
Suppose 3*t = -0*t + 45. Suppose t = -0*n + 3*n. Suppose -4*o + 5*z + 21 = 0, -n*o + 8 + 7 = 5*z. List the prime factors of o.
2
Let p = 4 - 2. Let w = p + 6. List the prime factors of w.
2
Suppose a + 42 = -w + 185, -5*w + 691 = -a. List the prime factors of w.
139
Suppose -5*y + 59 = -121. Let t = 51 - y. What are the prime factors of t?
3, 5
Suppose 4*i = 5*g + 45, -4*g - 5 = 6*i - 3*i. Let m = 10 + g. What are the prime factors of m?
5
Let v = -135 + 220. List the prime factors of v.
5, 17
Let g be (3/9)/((-2)/(-30)). Let l(r) = -6*r - 9 + g*r**2 + 4*r - 6*r + r**3. What are the prime factors of l(-6)?
3
Let h(t) = -t**2 + 5*t + 8. Let q be h(6). Suppose -72 + q = -5*r. List the prime factors of 4/r - 26/(-7).
2
Suppose 354 = 7*k - 10. What are the prime factors of k?
2, 13
Let s be (0 + 2)/(-2) + 1. Let c = 0 + s. Suppose q + c*q - 8 = 0. List the prime factors of q.
2
Let v(s) be the first derivative of -7*s**2/2 - 5*s + 3. What are the prime factors of v(-4)?
23
Suppose 15*w - 1532 = -92. List the prime factors of w.
2, 3
Let u(w) = w + 6. Let p be u(-3). Suppose -8*k = -p*k - 35. What are the prime factors of k?
7
Let w be -1*(11 - (-2 - -2)). Let k = -8 - w. What are the prime factors of k?
3
Let n(u) = u**3 + u**2 + u + 1. Let w be n(0). Let g be (18 - 0) + -3*w. Let r = g - 0. What are the prime factors of r?
3, 5
Let j be (-6)/6 - 2/(-2). What are the prime factors of (j - -30)/(14/7)?
3, 5
Let f = -4 + 3. List the prime factors of 17 + f + 2 + -2.
2
Suppose 5*v + 2*f - 187 = 3*f, -3*v + 5*f + 121 = 0. What are the prime factors of v?
37
Let b = -23 - -35. Let g = 4 + b. What are the prime factors of g?
2
Let g(t) = -t**3 - 5*t**2 - 7*t + 12. List the prime factors of g(-6).
2, 3, 5
List the prime factors of (-3)/(-12) + 1111/4.
2, 139
Let k(r) = 2*r**3 - 7*r**2 + 5*r + 6. What are the prime factors of k(6)?
2, 3
Suppose -g = 5*n - 87, n - 7 = -2*g + 7*g. Let f be 1 + (-8)/(-12)*6. Suppose 2*c + f - n = 0. What are the prime factors of c?
2, 3
Let n = -91 + 194. List the prime factors of n.
103
Let j = 58 + -13. What are the prime factors of j?
3, 5
Suppose -7 + 291 = 4*x. Let j = x + -26. What are the prime factors of j?
3, 5
Suppose -15*x = -12*x. Suppose x = 7*d - 2*d - 80. What are the prime factors of d?
2
Let x be 1*(1 + 1 + 3). Suppose -6*u - 24 = -u - b, -3*b = -x*u - 32. Let w = u - -13. List the prime factors of w.
3
Let o(t) = 21*t**2 + 8*t + 2. List the prime factors of o(-3).
167
Let i(t) be the first derivative of t**4/4 - 5*t**3/3 + 3*t**2/2 - 4*t - 1. What are the prime factors of i(5)?
11
Let f(y) = y**3 - y**2 + 2*y - 1. Let j be f(1). List the prime factors of (-3 - j)/(-1 + 0).
2
Let g be 90/8 - 6/(-8). Suppose -t = t - g. Let i = t - -1. What are the prime factors of i?
7
Let x = 8 + -3. Let o(q) = q**3 - 3*q**2 + 2*q + 2. Let v be o(2). Suppose 3*p = 2*a + 34, p = x*a - 4 - v. What are the prime factors of p?
2, 7
Suppose 1 = o - 2. What are the prime factors of o?
3
Let a = 119 - 63. What are the prime factors of a?
2, 7
Let b(c) = -18*c**3 - c**2 + 1. Let s be b(-1). What are the prime factors of 474/s - (-8)/(-6)?
5
Let x(j) be the third derivative of j**6/360 + j**5/30 + j**4/24 + 2*j**2. Let w(d) be the second derivative of x(d). What are the prime factors of w(5)?
2, 7
Suppose 0 = -2*m - 2*m + 8. Suppose -m*h = -0*h. Suppose -4*u = -5*z - 16 - 29, h = -2*z - 2. List the prime factors of u.
2, 5
Suppose 2*j = -3*q + 2*q + 60, -5*q + 120 = 4*j. List the prime factors of j.
2, 3, 5
Let j(d) = 2*d - 1. Let w be 14/5 + (-2)/(-10). What are the prime factors of j(w)?
5
Suppose -25 = -5*r + 35. Let u be 2/(-7) + 16/7. Suppose 2*p = -u*j + j + r, 0 = 5*j + 10. List the prime factors of p.
7
Suppose 0 = f + 5*g - 9*g - 136, 0 = 2*f + 4*g - 260. What are the prime factors of f?
2, 3, 11
Let x = 413 - 113. List the prime factors of x.
2, 3, 5
Suppose 2*g = -g + 6. Suppose g*y - 5*f - 24 = 0, -y = -f - f - 12. What are the prime factors of y?
2, 3
Suppose -18 = -3*k + k. Suppose -15 = -n + k. What are the prime factors of n?
2, 3
Suppose 0 = -2*a + 7 + 11. Let s = a - 5. Suppose 10 = h + 3*b - 2, -3*b = s*h - 30. What are the prime factors of h?
2, 3
Let o = -18 - -12. Let g = -8 - o. Let x = 1 - g. What are the prime factors of x?
3
Let k = -72 + 172. What are the prime factors of k?
2, 5
Suppose n - 20 = -3*n. Suppose n*p - 35 = 30. What are the prime factors of (p/(-4))/((-2)/8)?
13
Let a(x) be the first derivative of 9*x**4/4 - x**2/2 + 4. Let m(g) = -g**2 + 3*g + 5. Let c be m(4). What are the prime factors of a(c)?
2
Suppose k + 3 = 0, 3*v = -0*v + 3*k + 15. Suppose -m - 2*g + 4 = g, -v*m + g = -8. List the prime factors of m.
2
Let x = -3 + 7. Suppose 3*i + 2*v = 16, -i + x*v + 10 = -0*v. List the prime factors of i.
2, 3
Let i be -3 + -60*((-51)/15 - -3). Suppose 3*j = -0*j + 45. Suppose 0 = 2*b - j - i. What are the prime factors of b?
2, 3
List the prime factors of 47*3/(3 + 0).
47
What are the prime factors of (-2)/((-12)/1559) + 4/24?
2, 5, 13
Suppose 47 = 4*h - 3*q, 0 = -3*h - 5*q + 1 - 2. What are the prime factors of h?
2
Let t(q) = 3*q**2 + 8*q. Let p be t(-6). Suppose -4*r - 12 = 4*d, -5*r = -4*d - p + 21. What are the prime factors of (-4)/d*(-2 - -20)?
2, 3
Let s = 104 + -2. What are the prime factors of s?
2, 3, 17
Let y be 1/(-1*(-1)/2). Suppose -5*m = -y*m - 63. What are the prime f